{"id":954,"date":"2021-10-12T18:24:08","date_gmt":"2021-10-12T18:24:08","guid":{"rendered":"http:\/\/bodylicious.si\/?page_id=954"},"modified":"2021-10-12T18:35:25","modified_gmt":"2021-10-12T18:35:25","slug":"beauty-clean","status":"publish","type":"page","link":"https:\/\/bodylicious.si\/index.php\/beauty-clean\/","title":{"rendered":"Beauty clean"},"content":{"rendered":"<p><div class=\"fusion-fullwidth fullwidth-box fusion-builder-row-1 hundred-percent-fullwidth non-hundred-percent-height-scrolling\" style=\"--awb-border-radius-top-left:0px;--awb-border-radius-top-right:0px;--awb-border-radius-bottom-right:0px;--awb-border-radius-bottom-left:0px;--awb-flex-wrap:wrap;\" ><div class=\"fusion-builder-row fusion-row\"><div class=\"fusion-layout-column fusion_builder_column fusion-builder-column-0 fusion_builder_column_1_1 1_1 fusion-one-full fusion-column-first fusion-column-last\" style=\"--awb-bg-size:cover;\"><div class=\"fusion-column-wrapper fusion-flex-column-wrapper-legacy\"><div class=\"fusion-title title fusion-title-1 fusion-sep-none fusion-title-text fusion-title-size-one\"><h1 class=\"fusion-title-heading title-heading-left\" style=\"margin:0;\"><h1>Hitra in u\u010dinkovita pot do lepe ko\u017ee in zdravega videza<\/h1><\/h1><\/div><div class=\"fusion-clearfix\"><\/div><\/div><\/div><div class=\"fusion-layout-column fusion_builder_column fusion-builder-column-1 fusion_builder_column_1_2 1_2 fusion-one-half fusion-column-first\" style=\"--awb-bg-size:cover;width:50%;width:calc(50% - ( ( 4% ) * 0.5 ) );margin-right: 4%;\"><div class=\"fusion-column-wrapper fusion-flex-column-wrapper-legacy\"><div class=\"fusion-column-content-centered\"><div class=\"fusion-column-content\"><div class=\"fusion-sep-clear\"><\/div><div class=\"fusion-separator fusion-full-width-sep\" style=\"margin-left: auto;margin-right: auto;margin-top:50px;width:100%;\"><\/div><div class=\"fusion-sep-clear\"><\/div><div class=\"fusion-image-element in-legacy-container\" style=\"--awb-caption-title-font-family:var(--h2_typography-font-family);--awb-caption-title-font-weight:var(--h2_typography-font-weight);--awb-caption-title-font-style:var(--h2_typography-font-style);--awb-caption-title-size:var(--h2_typography-font-size);--awb-caption-title-transform:var(--h2_typography-text-transform);--awb-caption-title-line-height:var(--h2_typography-line-height);--awb-caption-title-letter-spacing:var(--h2_typography-letter-spacing);\"><span class=\" fusion-imageframe imageframe-none imageframe-1 hover-type-none\" style=\"border:1px solid #000000;\"><img decoding=\"async\" width=\"992\" height=\"664\" title=\"hydro_facial\" src=\"https:\/\/bodylicious.si\/wp-content\/uploads\/2021\/10\/hydro_facial.jpg\" alt class=\"img-responsive wp-image-955\" srcset=\"https:\/\/bodylicious.si\/wp-content\/uploads\/2021\/10\/hydro_facial-200x134.jpg 200w, https:\/\/bodylicious.si\/wp-content\/uploads\/2021\/10\/hydro_facial-400x268.jpg 400w, https:\/\/bodylicious.si\/wp-content\/uploads\/2021\/10\/hydro_facial-600x402.jpg 600w, https:\/\/bodylicious.si\/wp-content\/uploads\/2021\/10\/hydro_facial-800x535.jpg 800w, https:\/\/bodylicious.si\/wp-content\/uploads\/2021\/10\/hydro_facial.jpg 992w\" sizes=\"(max-width: 800px) 100vw, 600px\" \/><\/span><\/div><\/div><\/div><div class=\"fusion-clearfix\"><\/div><\/div><\/div><div class=\"fusion-layout-column fusion_builder_column fusion-builder-column-2 fusion_builder_column_1_2 1_2 fusion-one-half fusion-column-last\" style=\"--awb-bg-size:cover;width:50%;width:calc(50% - ( ( 4% ) * 0.5 ) );\"><div class=\"fusion-column-wrapper fusion-flex-column-wrapper-legacy\"><div class=\"fusion-column-content-centered\"><div class=\"fusion-column-content\"><div class=\"fusion-sep-clear\"><\/div><div class=\"fusion-separator fusion-full-width-sep\" style=\"margin-left: auto;margin-right: auto;margin-top:20px;width:100%;\"><\/div><div class=\"fusion-sep-clear\"><\/div><div class=\"fusion-text fusion-text-1\"><h3 style=\"font-weight: 400;\"><strong>Tu je najnovej\u0161a generacija sistema za nego ko\u017ee v 5 korakih! <\/strong>Zgladite manj\u0161e gubice, trajno navla\u017eite suho ko\u017eo in o\u010distite ne\u010disto ali aknasto ko\u017eo. Ob redni uporabi se zmanj\u0161ajo tudi hiperpigmentacije. Rezultat je sijo\u010da, \u010dista, napeta in odli\u010dno prekrvavljena ko\u017ea. Nega brez bole\u010din za vse\u00a0tipe\u00a0ko\u017ee skoraj brez kontraindikacij.<\/h3>\n<h3 style=\"font-weight: 400;\">Ko\u017ea je pogosto vidno izbolj\u0161ana \u017ee po prvem tretmaju z Beauty Clean in ostane ve\u010d dni napeta in vla\u017ena. Za vidno izbolj\u0161anje manj\u0161ih gub, hiperpigmentacij ter ne\u010disto\u010d <strong>na za\u010detku svetujemo 5 tretmajev z Beauty Clean<\/strong> v tedenskih ali dvotedenskih intervalih, nato pa redno nego v pribli\u017eno mese\u010dnih intervalih.<\/h3>\n<ol>\n<li style=\"font-weight: 400;\">\n<h3>\u010ci\u0161\u010denje zgornjih plasti ko\u017ee.<\/h3>\n<\/li>\n<li style=\"font-weight: 400;\">\n<h3>Piling s sadno kislino.<\/h3>\n<\/li>\n<li style=\"font-weight: 400;\">\n<h3>Globinsko \u010di\u0161\u010denje in nevtralizacija.<\/h3>\n<\/li>\n<li style=\"font-weight: 400;\">\n<h3>Pomiritev ko\u017ee in hidratacija.<\/h3>\n<\/li>\n<li style=\"font-weight: 400;\">\n<h3>Ciljno usmerjen nanos seruma z Jet spray-em.<\/h3>\n<\/li>\n<\/ol>\n<h3 style=\"font-weight: 400;\">Opcijski dodatni korak: vodna diamantna dermoabrazija<\/h3>\n<\/div><\/div><\/div><div class=\"fusion-clearfix\"><\/div><\/div><\/div><\/div><\/div><div class=\"fusion-fullwidth fullwidth-box fusion-builder-row-2 fusion-flex-container nonhundred-percent-fullwidth non-hundred-percent-height-scrolling\" style=\"--awb-border-radius-top-left:0px;--awb-border-radius-top-right:0px;--awb-border-radius-bottom-right:0px;--awb-border-radius-bottom-left:0px;--awb-flex-wrap:wrap;\" ><div class=\"fusion-builder-row fusion-row fusion-flex-align-items-flex-start fusion-flex-content-wrap\" style=\"max-width:1144px;margin-left: calc(-4% \/ 2 );margin-right: calc(-4% \/ 2 );\"><div class=\"fusion-layout-column fusion_builder_column fusion-builder-column-3 fusion_builder_column_1_1 1_1 fusion-flex-column\" style=\"--awb-bg-size:cover;--awb-width-large:100%;--awb-margin-top-large:0px;--awb-spacing-right-large:1.92%;--awb-margin-bottom-large:20px;--awb-spacing-left-large:1.92%;--awb-width-medium:100%;--awb-order-medium:0;--awb-spacing-right-medium:1.92%;--awb-spacing-left-medium:1.92%;--awb-width-small:100%;--awb-order-small:0;--awb-spacing-right-small:1.92%;--awb-spacing-left-small:1.92%;\"><div class=\"fusion-column-wrapper fusion-column-has-shadow fusion-flex-justify-content-flex-start fusion-content-layout-column\"><div class=\"fusion-text fusion-text-2\"><h2 style=\"font-weight: 400;\">Opis delovanja in prednosti<\/h2>\n<h3 style=\"font-weight: 400;\"><strong>Hidroabrazija<\/strong><\/h3>\n<h3 style=\"font-weight: 400;\">Najnovej\u0161a tehnologija na podro\u010dju nege ko\u017ee. Hidroabrazija izkori\u0161\u010da zdravilno mo\u010d vode in kisika za u\u010dinkovit piling brez grobih kristalov ali abrazivnih nastavkov. Za globoko hidratacijo in zdrav videz ko\u017ee.<\/h3>\n<h3 style=\"font-weight: 400;\"><strong>Mikrodermoabrazija<\/strong><\/h3>\n<h3 style=\"font-weight: 400;\">Mikrodermoabrazija je neinvazivni postopek za nego ko\u017ee, ki s pilingom spodbuja tvorbo novih celic ter razvoj kolagena in tako izbolj\u0161a tonus ko\u017ee kot tudi njen videz.<\/h3>\n<h3 style=\"font-weight: 400;\">Uporaba:<\/h3>\n<ol>\n<li style=\"font-weight: 400;\">\n<h3>Pomlajevanje zaradi sonca po\u0161kodovane ko\u017ee na obrazu, vratu, hrbtu, rokah in nogah.<\/h3>\n<\/li>\n<li style=\"font-weight: 400;\">\n<h3>Odpravljanje starostnih peg.<\/h3>\n<\/li>\n<li style=\"font-weight: 400;\">\n<h3>Odpravljanje ko\u017enih made\u017eev.<\/h3>\n<\/li>\n<li style=\"font-weight: 400;\">\n<h3>Odpravljanje aken in povr\u0161inskih brazgotin.<\/h3>\n<\/li>\n<li style=\"font-weight: 400;\">\n<h3>Odstranjevanje belih in \u010drnih ogrcev.<\/h3>\n<\/li>\n<li style=\"font-weight: 400;\">\n<h3>Nega mastne ko\u017ee.<\/h3>\n<\/li>\n<li style=\"font-weight: 400;\">\n<h3>Splo\u0161no izbolj\u0161anje ko\u017ene slike.<\/h3>\n<\/li>\n<\/ol>\n<h3 style=\"font-weight: 400;\"><strong>Jet Spray (pr\u0161ilna pi\u0161tola)<\/strong><\/h3>\n<h3 style=\"font-weight: 400;\">Klini\u010dno dokazana u\u010dinkovitost na podlagi nove tehnologije, ki globoko v epidermis dovaja kisik in specifi\u010dne serume s posebej zasnovanimi kratkoveri\u017enimi hialuronskimi kislinami, ki pomagajo pri doseganju zastavljenih ciljev nege.<\/h3>\n<h3 style=\"font-weight: 400;\">Visoka koncentracija kratkoveri\u017enih hialuronskih kislin (37 kDa) zagotavlja globlje prodiranje razli\u010dnih aktivnih u\u010dinkovin, ki jih vsebujejo serumi<\/h3>\n<h3 style=\"font-weight: 400;\">Potek nege<\/h3>\n<ol>\n<li style=\"font-weight: 400;\">\n<h3>Izjemno ne\u017eno \u010di\u0161\u010denje ko\u017ee.<\/h3>\n<\/li>\n<li style=\"font-weight: 400;\">\n<h3>Blag piling s sadno kislino.<\/h3>\n<\/li>\n<li style=\"font-weight: 400;\">\n<h3>Nevtralizacija.<\/h3>\n<\/li>\n<li style=\"font-weight: 400;\">\n<h3>Pomiritev ko\u017ee.<\/h3>\n<\/li>\n<li style=\"font-weight: 400;\">\n<h3>Nanos seruma s pr\u0161ilno pi\u0161tolo.<\/h3>\n<\/li>\n<\/ol>\n<\/div><\/div><\/div><\/div><\/div><\/p>\n","protected":false},"excerpt":{"rendered":"","protected":false},"author":1,"featured_media":0,"parent":0,"menu_order":0,"comment_status":"closed","ping_status":"closed","template":"","meta":{"footnotes":""},"class_list":["post-954","page","type-page","status-publish","hentry"],"_links":{"self":[{"href":"https:\/\/bodylicious.si\/index.php\/wp-json\/wp\/v2\/pages\/954","targetHints":{"allow":["GET"]}}],"collection":[{"href":"https:\/\/bodylicious.si\/index.php\/wp-json\/wp\/v2\/pages"}],"about":[{"href":"https:\/\/bodylicious.si\/index.php\/wp-json\/wp\/v2\/types\/page"}],"author":[{"embeddable":true,"href":"https:\/\/bodylicious.si\/index.php\/wp-json\/wp\/v2\/users\/1"}],"replies":[{"embeddable":true,"href":"https:\/\/bodylicious.si\/index.php\/wp-json\/wp\/v2\/comments?post=954"}],"version-history":[{"count":8,"href":"https:\/\/bodylicious.si\/index.php\/wp-json\/wp\/v2\/pages\/954\/revisions"}],"predecessor-version":[{"id":966,"href":"https:\/\/bodylicious.si\/index.php\/wp-json\/wp\/v2\/pages\/954\/revisions\/966"}],"wp:attachment":[{"href":"https:\/\/bodylicious.si\/index.php\/wp-json\/wp\/v2\/media?parent=954"}],"curies":[{"name":"wp","href":"https:\/\/api.w.org\/{rel}","templated":true}]}}